k?
3
Let f be -1*2*(-5)/(-10) + 29. Suppose 5*x - i + 18 = 0, i = -5*x - 3*i - f. What is the tens digit of x + (-345)/(-6) + (-2)/4?
5
Let r be 7/((-182)/212) - 14/(-91). Let k(b) = 13*b**2 + 15*b + 4. What is the hundreds digit of k(r)?
7
Let d be -5 + 9 - (-86 - 2). Let k = 109 - d. Let u = 174 - k. What is the tens digit of u?
5
Let t(s) = -34*s - 5 - 5*s + 7*s + 0*s. Let o be 12*((-3)/(-2) + -7 + 5). What is the hundreds digit of t(o)?
1
Let l be (5*-9)/((-38)/36 - -1). Let c = l + -462. What is the tens digit of c?
4
Suppose 3*z - 27801 = 2*p, -13*p = -11*p + 12. What is the hundreds digit of z?
2
Suppose -19717 = -5*h + 3*g, -66*g + 60*g + 19726 = 5*h. What is the tens digit of h?
4
What is the hundreds digit of 5/6*80/(-200) + (-65054)/(-6)?
8
Let o = 11100 + -6615. What is the units digit of o?
5
Suppose 7*i - 4042 = -24. Suppose -4*n + 8*n = 3*w - i, 2*w - 388 = 4*n. What is the units digit of w?
6
Suppose 11*w - 7695 - 77709 = 0. What is the units digit of w?
4
Let p(c) = 449*c + 2279. What is the tens digit of p(26)?
5
Let h be (16/10)/((-4)/(-130)). Suppose 0 = 3*v + 8 + 16. Let a = h + v. What is the tens digit of a?
4
Let g be ((-2)/4)/(3 + (-31)/10). Suppose 0 = 2*o + 3*b + 13, g*b - 2 = 23. What is the tens digit of 84 + -1 - -2*7/o?
8
Let d = 1249 - -5374. What is the tens digit of d?
2
What is the units digit of (29 + -10 - -28590) + (2 - (1 + 0))?
0
Suppose 24*w - 28*w + 31080 = 2*q, 7779 = w + 5*q. What is the thousands digit of w?
7
Let d(i) = 1479*i - 4099. What is the tens digit of d(62)?
9
Let j(n) = n**3 - 48*n**2 - 7*n + 314. Let l be j(47). Let i = l + 3366. What is the thousands digit of i?
1
Suppose -42*h = -38*h - 4368. Let v = h - 557. What is the tens digit of v?
3
Let n(q) = -q**2 - 10*q + 46. Let r be n(-12). Suppose 24*p = r*p + 494. What is the hundreds digit of p?
2
Let h = 63887 + -24065. What is the ten thousands digit of h?
3
Suppose 4*d = -5*r - 5, -r = 4*d + 5 - 4. Let t(s) = -52*s + 13. What is the tens digit of t(r)?
6
Let a(g) = 8*g - 61. Let p be a(8). Suppose -2*y = -y + p, -4*m - 2*y = -1426. What is the tens digit of m?
5
Suppose 11 = -4*h - 13. Let s be -1 + 5 - (13 - h). What is the tens digit of (-906)/s + (-4)/10?
6
Suppose 75*y + 31*y - 219103 - 148187 = 0. What is the hundreds digit of y?
4
Suppose 36*g - 155 = 5*g. Suppose -4*d + 5*b + 3860 = 0, -1854 + 6634 = g*d + 5*b. What is the hundreds digit of d?
9
Suppose -85*j = -123*j + 452276. What is the ten thousands digit of j?
1
Let j be (3/(-4))/((-2)/48). Let k(d) = 557*d - 673. Let v be k(5). Suppose -2*t - v = -j*t. What is the tens digit of t?
3
Suppose -3*f - 5*s = -6*f - 955, 5*s - 315 = f. Let b = f - -877. What is the tens digit of b?
5
Let s(b) = 8*b**2 - 182*b - 7. Let y be s(22). Suppose 149 = -f - 59. Let p = y - f. What is the tens digit of p?
6
Let i be 5*7/(105/12). Suppose -2*d - 2 = -4*x - i*d, -2*d + 2 = 0. Suppose x = -20*l + 23*l - 165. What is the tens digit of l?
5
Suppose 0 = 19*b + 19020 + 60419. Let m = b - -5898. What is the units digit of m?
7
Let o be (-46)/(-161) + -53*(-67)/(-7). Let g = -369 - o. What is the tens digit of g?
3
Suppose 15*m - 10*m - 12*o = 37686, 4*m - 30162 = 3*o. What is the tens digit of m?
4
Let t be 6 - ((-9)/24 - (-81)/24). Suppose 4*u = -t*x + 3*u + 328, 0 = 5*x - u - 536. What is the units digit of x?
8
Let f(i) = 12*i**3 - 5*i + 6. Let u(k) = k**3 + 7*k**2 + 5*k - 4. Let l be 17/(-3) - (32/(-12) + 3). Let n be u(l). What is the units digit of f(n)?
2
Let f(r) = -r**3 + 7*r**2 - 8*r + 17. Let x be f(6). Suppose -d - 4*d + 2*g + 4 = 0, x*d = -4*g - 8. Suppose d*n - 2*n = -34. What is the units digit of n?
7
Suppose -8*s = 2*s + 3*s - 136942. What is the tens digit of s?
3
Let b = 16783 + 16575. What is the thousands digit of b?
3
Let v = 74 - 125. Let i = 166 - 233. Let t = v - i. What is the tens digit of t?
1
Let k(b) = 6*b**3 + b**2 + b + 1. Let l be k(3). What is the tens digit of (-10130)/(-12) + l/210?
4
Let x be -1*(156/4 + -2). Suppose 497 = -3*p + 10*p. Let r = p + x. What is the tens digit of r?
3
Suppose 1969*w = 1911*w + 1406674. What is the hundreds digit of w?
2
Suppose 9*b - 11*b - 2 = 0. Let k be 24 - b - (-3 + (-36)/(-6)). Suppose k*j - 15 = 19*j. What is the units digit of j?
5
Let g(y) be the third derivative of y**5/15 - y**4/6 - y**3 + 21*y**2. Let r(o) = 4*o**2 - 5*o - 6. Let h(z) = 4*g(z) - 3*r(z). What is the tens digit of h(3)?
2
Let b = 1545 + -1018. Let d = b - 206. What is the units digit of d?
1
Let d(a) = -a**3 - 6*a**2 + 2. Let r be d(-6). Let y(g) = -18*g - g**r + 8*g - 3 + 2 + 4. What is the units digit of y(-8)?
9
Suppose -q = 3*f - 5, f - 3*q + 3 = 6*f. Let j(r) be the third derivative of 2*r**5/15 - 5*r**4/24 + r**3 + 14*r**2 - 1. What is the tens digit of j(f)?
6
Suppose h - 32596 = 223*m - 222*m, -2*m = 2*h - 65176. What is the thousands digit of h?
2
Let l(v) = v**2 + 27*v + 1095. Let h be l(0). Let b = 1982 - h. What is the hundreds digit of b?
8
Suppose -3*t = -4*x + 694, -3*x - 3*t = -t - 512. What is the hundreds digit of x + 6/(-15)*-5?
1
Let h = 826 + -826. Suppose h = -4*i + 16, -s + 14*i = 12*i - 489. What is the tens digit of s?
9
Suppose -r - 2 = -6. Suppose 0 = 2*v - r - 34. Suppose 0 = 42*w - 43*w + v. What is the tens digit of w?
1
Let f be 4 + -1 + 6/(-2). Suppose f = 2*p + p - 5*h - 321, p - 90 = -4*h. Let l = p + -35. What is the tens digit of l?
6
Suppose 0 = -11*d + 30849 + 21214. What is the units digit of d?
3
Suppose -2*j - 1848 = -5*s - 28904, 4*j - 54076 = s. Suppose -246*u = -255*u + j. What is the hundreds digit of u?
5
Let k = -132 - 204. Let m = k - -497. What is the tens digit of m?
6
Suppose 6*j - 5*m - 106078 = 0, -30493 = -5*j - 4*m + 57938. What is the tens digit of j?
8
Let t(x) be the third derivative of -x**6/60 + x**5/60 + x**4/6 + 2*x**3/3 + 24*x**2. What is the hundreds digit of t(-5)?
2
Let f be (-1 + 3)/((-1)/15) + -3. Let u be (-200 + 2)*11/f. Suppose u = 15*v - 12*v. What is the units digit of v?
2
Suppose 40 = -26*x + 6*x. What is the tens digit of ((-3104)/(-20))/(x + 24/10)?
8
Suppose -3*b + 7 = -2*b, 0 = -2*p - b + 36767. What is the hundreds digit of p?
3
What is the thousands digit of ((-12)/(-9))/(52/82056)?
2
Let c = -136 - -162. Let s(u) = u**3 - 25*u**2 + 8*u + 84. What is the hundreds digit of s(c)?
9
Suppose -168 = -30*u - 12*u. Suppose -3*h + 2*c + 504 = 0, u*h + 2*c = -2*c + 652. What is the hundreds digit of h?
1
Suppose 0*s - 27 = -9*s. Suppose 5*w = 4*w + s. Suppose -w*o - 377 = -5*q, 3*q + 3*o - 215 = 2*o. What is the units digit of q?
3
Suppose 2612 = 14*v + 2514. Let h(g) be the first derivative of g**3 - 3*g**2 - 21*g + 1. What is the units digit of h(v)?
4
Let p be -2 - (-10 - (-5 - 0)). Suppose -833 = -2*l + 7*y - 4*y, -1245 = -p*l + 3*y. What is the hundreds digit of l?
4
Let u(y) = -3349*y - 4230. What is the ten thousands digit of u(-20)?
6
Let j(g) = 210*g**2 + 3*g + 2. Suppose -i = 2*i + k, 3*i + 15 = 4*k. What is the hundreds digit of j(i)?
2
Let k(d) = -386*d**3 + 24*d**2 + 92*d - 20. What is the ten thousands digit of k(-5)?
4
Let j = 13446 - 9373. What is the tens digit of j?
7
Let v(y) = -685*y + 7167. What is the hundreds digit of v(-29)?
0
Suppose 4*b = 873 - 109. Let x = b + 539. What is the units digit of x?
0
Suppose l - 22840 = -2*u, 0 = -2*l - 48*u + 43*u + 45673. What is the tens digit of l?
5
Let p = -235 - -1025. What is the tens digit of p + 0/5 - (-20)/(-4)?
8
Let h = -31521 - -34784. What is the tens digit of h?
6
Suppose -2*l + 6 + 4 = 0. Suppose -83*w + 15 = -78*w. Suppose 90 = w*k + l*c + 36, -k = -5*c + 2. What is the units digit of k?
3
Let j(o) be the second derivative of o**5/20 + o**4/2 + o**3/6 + o**2/2 - 48*o. Let k be j(-2). What is the units digit of 0*3/k + 85?
5
Let x = -669 - -2274. What is the tens digit of x?
0
Suppose 4*l = -h + 11423, 4*l = 4*h - 14795 - 30817. What is the hundreds digit of h?
4
Suppose -11 + 2 = -3*b. Suppose 14 = 4*h + z, -b = 2*h - h - 3*z. Suppose 0 = -d + 6*o - o + 97, h*o - 434 = -4*d. What is the units digit of d?
7
Let i(y) = -4*y + 8. Let x be i(4). Let n(o) = -71*o - 5. What is the units digit of n(x)?
3
Let x(i) be the first derivative of -i**4/4 + i**3/3 + 55*i**2/2 + 8*i + 45. What is the units digit of x(-9